termine q(c).
9
Let k(z) = z**2 - 8*z - 11. Suppose 57 = 4*v + 17. Calculate k(v).
9
Let l(s) be the second derivative of s**4/3 - s**3/6 - 3*s. Let o(d) = -d**2 + 14*d + 1. Suppose 3*w = 6*w - 42. Let u be o(w). Calculate l(u).
3
Let s(u) = -2*u**2 + u - 4. Let m(q) = 4*q + 1. Let c be m(7). Suppose 4*b + 5*t + 113 + c = 0, 2*b - 2*t + 62 = 0. Let h = b + 36. Determine s(h).
-19
Suppose -30*f + 85 = 55*f. Let p(t) = 13*t**2 - 5*t - 1. Determine p(f).
7
Suppose 4*y = 2*y - 6. Let w be ((-60)/(-9))/(-5) + (-25)/y. Let l(v) = v**2 - 8*v + 1. Give l(w).
-6
Let n(x) be the second derivative of -x**5/20 + x**4/4 + x**3/2 + 5*x**2/2 - 127*x. Calculate n(4).
1
Let z(t) = 4*t**2 + 365*t - t**3 - 365*t - 4. Let a(d) = -d**3 - 5*d**2 + 5*d - 3. Suppose -12 + 0 = 2*b. Let c be a(b). Give z(c).
5
Suppose 2*f + 25 = -3*f. Suppose 0 = 4*p + 3*z - 0*z - 28, 4*p + 5*z = 36. Let r(w) = 5 - 2 - w + p + 2*w. Determine r(f).
2
Let a = -165 + 164. Let o(l) = 7*l**3 + l**2 + l. What is o(a)?
-7
Suppose 3*l = -5*i + 25, 2*l - 15 = 4*i - 7*i. Let w(y) = 4*y**2 + 7*y + 4. Let k be w(-2). Let a(m) = k - 5 - 5*m + m**2 + 1 - 9. What is a(i)?
-7
Suppose 0 = 2*x + n - 10, 2*n = x + n + 1. Let z(h) = x + h**2 - 160*h + 159*h - 5. What is z(2)?
0
Let n(u) = 2*u**3 + u - 4. Suppose 26*q + 30 = 41*q. Give n(q).
14
Let q(b) = 17*b - 7*b - 4*b - 3*b + 4. Determine q(-1).
1
Let l = 318 + -330. Let y(r) = r**2 + 11*r - 14. Determine y(l).
-2
Let d(h) be the third derivative of -h**5/60 - h**4/6 + h**3/3 + 6*h**2 + 2*h. What is d(-5)?
-3
Let k(t) = t**2 + t - 5. Suppose -44 = 47*h + 191. What is k(h)?
15
Suppose -5 = -11*k + 10*k. Let a be (-5)/6*(k + -11). Let x(i) = -i**2 + 5*i + 4. Calculate x(a).
4
Let r(x) = -x**2 - 2*x - 2. Suppose 2*h + 31 - 23 = 0. Calculate r(h).
-10
Let a(r) = 4*r**2 + 4*r + 2. Suppose -100*h = -105*h - 10. Calculate a(h).
10
Let n(l) = l**2 + 6*l - 6. Suppose -5*d + 16 = -d + 2*v, 3*d + 3*v - 9 = 0. Suppose t = 3*t - f + 14, -35 = d*t - 2*f. Give n(t).
1
Let u(v) = v - 3. Let z = -39 - -29. Let f = 10 + z. What is u(f)?
-3
Let p(x) = 2*x**3 + x**2 - 4*x - 3. Suppose 9*c - 11*c + 18 = 0. Suppose 0 = 5*f - 5*s - 5, 1 = -c*f + 4*f + 3*s. Determine p(f).
-7
Let j be 8/2*15/20. Let b(c) = c**2 + 2. Let a(w) = 4*w**2 - w + 6. Let y(o) = -2*a(o) + 7*b(o). What is y(j)?
-1
Let n(s) = -3*s**2 - s. Let k be -6 + 4 - 220/5. Let d = k - -44. Calculate n(d).
-10
Let l = -2 + 5. Suppose 4 = -w + 3*i, -l - 3 = -2*i. Let v(k) = k**2 - 7*k + 1. Give v(w).
-9
Let o(d) be the first derivative of -d**2 - 17*d + 247. What is o(-10)?
3
Let k(j) = j + 1. Let m(q) = q**3 + 13*q**2 + 4*q + 6. Let n(c) = -2*k(c) + m(c). Determine n(-13).
-22
Suppose -2*y = 5*u + 38 - 108, 5*u + 4*y = 60. Suppose -3*c = -2*f + 11, 4*c + u = f + 3. Let o(d) = -2*d - 1. Calculate o(c).
5
Let j(p) = -5*p - 3. Let k(f) = f**3 - 28*f**2 + 75*f - 3. Let g be k(25). Determine j(g).
12
Let a(f) = -14*f - 15 + 3 - f**2 - 13 + 59. Determine a(-16).
2
Suppose 96 = -2*s + 5*s. Suppose 5*n = -s + 47. Let k(w) = 3*w - 1. Determine k(n).
8
Let r(t) = -t**3 - 5*t**2 + 3*t - 5. Let d = -22 - -38. Let q(p) = 22*p**2 + p - 1. Let z be q(1). Let o = d - z. Calculate r(o).
13
Let a(j) = -50*j + 60. Let w(y) = -12*y + 14. Let i(k) = -2*a(k) + 9*w(k). Determine i(8).
-58
Let w(m) = m**2 + 18*m + 36. Let r be w(-16). Let b be (-16)/r - (1 - -1). Let x(d) = d**3 + 6*d**2 - d - 6. What is x(b)?
0
Let g(o) = o**3 - 5*o**2 - 3*o. Suppose p - 87 = -2*p. Let j(u) = -2*u**2 - 24*u - 49. Let w be j(-9). Suppose -2*b - 5*l = 0, -w*b + 3*l + p = l. Give g(b).
-15
Let r(p) = -p**2 + 7*p - 8. Suppose 22 = -10*g + 92. Suppose -17 - 7 = 4*t. Let m be t/(-9)*(2 + g). Calculate r(m).
-2
Let y(a) = -3 - a + 296*a**2 - 297*a**2 - 5*a. What is y(-5)?
2
Let o(w) = -w**3 + 6*w**2 + w - 7. Let c(p) = -p**2. Suppose 2 = -0*q - 2*q. Let h(n) = q*o(n) - c(n). Let m = 100 + -95. What is h(m)?
2
Suppose 1 = a - 8. Let l = a + -4. Let i(t) = -t + 1. Give i(l).
-4
Let g(d) be the first derivative of d**4/4 - 2*d**3/3 - d**2/2 + d + 2. Let a = -14 + 18. Suppose a*x - 4*s = 0, -2*s + 0 = 2*x - 12. Give g(x).
7
Let j(t) be the first derivative of -t**4/4 - 5*t**3/3 - t**2/2 + 4*t + 142. Determine j(-5).
9
Let m be ((4 - 0) + 0)/2. Suppose 0 = -5*l + 8 - 3, 0 = -m*r - 2*l - 844. Let d be r/(-72) - (-1)/8. Let u(x) = x**2 - 6*x + 3. What is u(d)?
3
Let p(u) = -4*u - 3. Let a be -1 + -1 - (-10 - -20). Let w be 15/(-2)*(-3)/(6/4). Let t be w*(-2)/a*-2. Calculate p(t).
17
Let p(g) = 4*g**2 - g + 1. Suppose 5*d + 4*q - 6 = -0*q, -2*d - 5*q - 1 = 0. Let h be (0 + 1/d)*2*1. Determine p(h).
4
Let t = -5 + 12. Suppose 2*i = t*i - 55. Let y = -16 + i. Let c(n) = n - 1. What is c(y)?
-6
Let k(f) be the first derivative of -1/3*f**3 + 13 + 5/2*f**2 + 9*f. Calculate k(7).
-5
Let v(s) = -s**3 - 5*s**2 - 2*s - 4. Let a(t) = 6 + 23*t + 7 - 20*t. Let u be a(-6). What is v(u)?
6
Let q(u) = 4*u - 1. Let g(v) = 45*v - 10. Let p(o) = 2*g(o) - 22*q(o). Let r be -4 + (-7)/((-21)/6). Let c = r - -6. Determine p(c).
10
Let t(g) = -g**2 - 5*g + 2. Let v = 50 + -49. Suppose c - 2*y = v, -3 = -c + y - 5. What is t(c)?
2
Let t(f) = f**2 + 9*f + 12. Suppose y = 96 - 90. Suppose y*u + h + 25 = 3*u, -5*u - 37 = -3*h. Calculate t(u).
4
Let n(k) = -2*k**2 + 22*k + 5*k - 8 - 10*k. Determine n(8).
0
Let l(b) = -20*b**2 + 26*b + 35. Let k(v) = 7*v**2 - 9*v - 12. Let j = -90 + 84. Let u(z) = j*l(z) - 17*k(z). Give u(5).
4
Let q(g) = -10*g**2 + 13*g + 5. Let n(k) = -3*k**2 - k - 1. Let u(r) = 4*n(r) - q(r). Calculate u(-8).
-1
Let g(q) = 2*q**2 + 14*q + 4. Let o(x) = -x**2 - 6*x - 1. Let c(v) = 2*g(v) + 5*o(v). Suppose 0 = -2*r - 0*z + z - 12, -10 = -5*z. What is c(r)?
-12
Let h = 31 - 25. Let v(x) = 4*x - 2. Calculate v(h).
22
Let z(a) = -15*a**2 - 16*a - 17. Let p(n) = 7*n**2 + 8*n + 8. Let y(g) = 5*p(g) + 2*z(g). Let x(b) = 6*b**2 + 8*b + 6. Let t(s) = 4*x(s) - 5*y(s). Give t(-7).
1
Let h = -4 - -13. Let d = -5 - h. Let b be d/35 - (-13)/(-5). Let n(p) = -p. What is n(b)?
3
Let m(d) = -d**2 - 6*d - 9. Let w(c) = 2*c - 8. Let b be w(-8). Let a be (52/8 + -7)*b/(-2). Give m(a).
-9
Suppose 1 - 3 = -t. Let v(p) = -7*p**t + 0 + 2 + 5*p + 6*p**2. What is v(5)?
2
Let z = -1938 - -1938. Let y(l) = l**3 + 29. What is y(z)?
29
Suppose -2*h - 75 = -i + 3*h, -3*i + 3*h + 285 = 0. Let q be 2/(-6) - i/(-30). Let v(r) = q*r - 2*r - 3 - 2*r + 2. What is v(-5)?
4
Let a(u) be the first derivative of 1 + 3/2*u**2 - 4*u - 4/3*u**3. Let k(v) = -3*v**2 + 3*v - 3. Let b(y) = -4*a(y) + 5*k(y). Determine b(-2).
-1
Suppose -372*o = -382*o + 60. Let v(d) = 2*d**3 - 3*d**2 - 16*d + 11. Let j(i) = -i**3 + i**2 + 8*i - 5. Let c(g) = -7*j(g) - 4*v(g). What is c(o)?
3
Let w(g) = -g + 13. Let o be (2/2)/(2/(-42)). Let p(h) = 7*h + 63. Let q be p(-6). Let y = q + o. Determine w(y).
13
Let g be ((-8)/16)/((-2)/4). Let t(x) = g + 13*x - 9*x - 10*x. Calculate t(2).
-11
Suppose 5*k - 2 = 18. Let m(g) = 3*g - 6*g**2 + 6*g**2 + 5*g**3 - k*g. Determine m(-1).
-4
Let g(c) = 6*c**3 + 3*c**2 + 9*c - 2. Let w(q) = 7*q**3 + 3*q**2 + 10*q - 3. Let i(m) = -6*g(m) + 5*w(m). Suppose 0 = -3*l - 2*l - 15. What is i(l)?
9
Let h(j) = -110*j**2 + 226*j**2 - 115*j**2 + 16*j - 22. Give h(-17).
-5
Let u(c) = 5*c + 59. Let w(p) = -2*p - 27. Let h(d) = 6*u(d) + 13*w(d). Calculate h(4).
19
Let l(g) = 2*g - 11. Let s(m) = -2*m + 27. Let j(x) = 5*l(x) + 2*s(x). What is j(7)?
41
Let x(f) = f**3 + f**2 - 3*f + 1. Let u(n) be the third derivative of -n**4/24 - 5*n**3/6 + 15*n**2. Let j be u(-2). Calculate x(j).
-8
Let p(a) = -2*a - 3 + 2*a + 0*a - a. Let u(s) = s**2 + 11*s + 16. Let f be u(-8). Calculate p(f).
5
Let k(u) be the second derivative of -u**3/2 + 7*u**2/2 - 3*u - 5. Calculate k(-5).
22
Let d(j) = j. Let u be d(1). Suppose 0 = -5*y - 2*x - 3, 2*y - x - u = 5. Let f be ((-8)/(-4))/(y/3). Let o(v) = -v**3 + 7*v**2 - 7*v + 6. Calculate o(f).
0
Let r(l) = l**3 - 4*l**2 + 2*l + 3. Let u(k) = k**3 - k**2 + k + 2. Let h be u(-1). Let b = -2 + 1. Let t be (-3)/h + (-1)/b. What is r(t)?
11
Let m(h) = h**3 - 9*h**2 + 7*h + 10. Let p be m(8). Let q be (-7)/21 + 1/3. Suppose -p*t + t = q. Let w(b) = -b**2 - 7. Determine w(t).
-7
Let a(k) = k**2 + 9*k - 6. Let q be a(-6). Let s = 33 - 12. Let j = s + q. Let v(w) = w**2 + 5*w + 1. Calculate v(j).
-5
